+ 0*a. Let r(q) = -q**2 + 1. Let n(w) = 3*l(w) - r(w). Suppose 2 = -4*s + 5*d - 6, -d - 4 = 2*s. Give n(s).
0
Let y(g) be the third derivative of -g**6/120 - g**5/12 - g**4/6 + g**3/6 - 9*g**2. Let i(x) = x**3 - 4*x**2 - x. Let v be i(4). Give y(v).
1
Let i = -285 + 280. Let m(o) = 1 + 2 + 2*o - 2. Give m(i).
-9
Let n(w) = 6*w**2 + 2*w + 1. Let r(q) = q**3 - q**2 + q + 10. Let y be r(0). Suppose 3*b + y = -4*s - 6, 3*s + 2*b = -11. Determine n(s).
5
Suppose -5*g + 3*i = 6, -4*i = -5*g - 4 + 1. Let n(x) = 4*x + 7. Determine n(g).
-5
Suppose 2*j = 3 - 15. Let m = 15 + -11. Let h(v) = 0*v + v**2 - 1 + m*v - 1 + v. Calculate h(j).
4
Let p(a) be the second derivative of 2*a - 1/120*a**5 + 0*a**2 + 0 + 0*a**3 + 1/12*a**4 - 1/360*a**6. Let l(o) be the third derivative of p(o). What is l(-4)?
7
Let h(v) = -3*v - 2*v - 40 - 27 + 62. What is h(-7)?
30
Let v(h) = -7*h**3 - 18*h**2 - 2*h + 6. Let r(k) = -20*k**3 - 49*k**2 - 6*k + 17. Let a(o) = -4*r(o) + 11*v(o). What is a(3)?
67
Let a(t) be the first derivative of -t**3/3 + 2*t**2 - t + 68. Let v(p) = p - 3. Let w be v(6). Determine a(w).
2
Let p(i) be the first derivative of i**4/24 + i**3/6 - 3*i**2 - 5. Let u(k) be the second derivative of p(k). What is u(1)?
2
Suppose 312 + 403 = 65*z. Let t(j) = -j**3 + 11*j**2 - 8. Determine t(z).
-8
Let l(x) = x**2 - 4*x - 4. Let u be l(4). Let s(c) be the second derivative of c**4/12 + c**3/2 - c**2/2 + c + 11. What is s(u)?
3
Suppose -3*l - s = -36, 3*s - 29 = -2*l + 4*s. Let d = 14 - l. Let g(k) = -d - 2 + 6 - 2 - 9*k. Determine g(1).
-8
Let q(z) be the third derivative of z**7/2520 - z**6/240 + z**5/30 + 25*z**4/24 + 11*z**2. Let i(u) be the second derivative of q(u). Determine i(4).
8
Let i be 3 + (-4 - 0) + 21. Let q = i - 15. Let k(v) = -3*v + 3. What is k(q)?
-12
Let o(m) be the second derivative of m**5/20 + 2*m**4/3 - 2*m**3 - 3*m**2/2 + 3*m - 36. Determine o(-9).
24
Let g(v) = -4*v + 386*v**2 - v**3 - 376*v**2 - 9 + 3 - 9 - 3. Give g(9).
27
Let q(y) = -y**3 + 10*y**2 + 3*y - 12. Let l = -379 - -389. Give q(l).
18
Suppose -f + 4*f - 6 = 0. Suppose -5 = -2*w + z, 2*w + f*w - z - 9 = 0. Let d(k) = k**3 + 25 + 4*k - 4*k**2 - w*k**3 - 29. What is d(-5)?
1
Let f(r) = -2*r - 113 + 0*r + 108. What is f(-4)?
3
Let f(i) = i**3 - 10*i + 8*i**2 + 11*i**2 - 14*i**2 - 7. Give f(-6).
17
Let l(y) be the second derivative of y**3/6 + 3*y**2/2 + y. Let w be 12990/105 - 2/(-7). Let o = -124 + w. Determine l(o).
3
Let x(i) be the third derivative of 0*i**3 + 0*i**4 + 0*i**6 - i**2 + 1/15*i**5 - 1/1680*i**7 + 0*i + 0. Let g(h) be the third derivative of x(h). What is g(2)?
-6
Let r(g) = -2*g + 11. Suppose 2*c - 8 = 0, 6*w = 5*w - 2*c + 5. Let z(y) = -y + 5. Let q be z(w). Determine r(q).
-5
Let j(g) = g**3 + g**2 - g - 3. Let n(s) = -2 + 3 + 0. Let k(z) = j(z) + 4*n(z). Calculate k(-2).
-1
Let p be (-2 + 1)/(3 + (-66)/21). Let u(x) = -x**3 + x**2 + 5*x**2 + x + p*x + 2 - 11*x. Calculate u(6).
-16
Let y = 224 - 230. Let p(x) = 1 - x - 7 - 6. What is p(y)?
-6
Let p(n) = -7*n**2 - 7*n + 7. Let i(f) = 6*f**2 + 6*f - 4. Let b(g) = -6*i(g) - 5*p(g). Calculate b(0).
-11
Let h(i) be the second derivative of i**5/20 - 2*i**4/3 - 3*i**3/2 + 5*i**2/2 - 150*i. Calculate h(9).
5
Let v be 1/2 - (-6)/(-4). Let n be (v*(1 - -6))/(-1). Let b(f) = 2 + 62*f + 2 + 1 - 49*f - 14*f. Calculate b(n).
-2
Let a(p) = 3*p**3 + 8*p**2 - 5*p + 2. Let f = -74 - -79. Let w(o) = -4*o**3 - 8*o**2 + 6*o - 1. Let m(n) = f*a(n) + 4*w(n). Calculate m(8).
-2
Let a(u) be the second derivative of -1/2*u**4 - 1/20*u**5 - u**2 + 6*u + 0 + 5/6*u**3. Calculate a(-7).
12
Let n(v) = -10*v**2 + v - v**3 - 8*v + 6 - 17 + 3*v + 13*v. What is n(-11)?
11
Let h(w) = 115*w**2 + w - 66*w**2 + 31 - 31. Give h(1).
50
Let i(b) be the first derivative of -b**2/2 - 15*b - 801. Determine i(-9).
-6
Let x(s) be the first derivative of -s**4/4 + s**3 + 3*s + 182. Give x(3).
3
Let h(s) = -s**3 - 8*s**2 - 7*s + 3. Let b(z) = 3*z**3 + 23*z**2 + 20*z - 10. Let t(i) = 2*b(i) + 7*h(i). Calculate t(-9).
1
Let u(y) = -y**2 + 2. Let n be u(0). Let j(h) be the third derivative of h**4/24 - h**3/6 - h**2 + 61. Give j(n).
1
Let v(m) be the first derivative of 3*m**2/2 - 8*m + 2. Let q be 1/3 + (136/(-3) - 1). Let b = q + 52. Determine v(b).
10
Let s be 4/22 - (-210)/55. Suppose -s = 4*y - 12. Let x(u) = -2*u**y - u**2 - 1 - 2*u + 5*u**2 + 3*u**2. Calculate x(-1).
6
Let z be 126/27 - 3 - 10/6. Let i(p) = p**2 - 24. What is i(z)?
-24
Suppose -23 + 104 = 3*n. Let r = n - 21. Let x be (r + -8)/((-4)/10). Let z(k) = k**3 - 5*k**2 + 2*k - 5. Give z(x).
5
Let x(u) = u**3 + 4*u**2 - 6*u - 4. Let w = -1303 - -1298. Give x(w).
1
Let m(j) = -6 + 1 - 5*j - 1595*j**2 - 4*j + 1594*j**2. Calculate m(-5).
15
Let r(l) = -l - 10. Let x be (-2)/12 - 707/42. Determine r(x).
7
Let s = -321 + 318. Let f(r) = 3*r**2 + 4*r - 9. Determine f(s).
6
Let c(j) = -12 + 4*j + 107*j**2 - 106*j**2 + 4*j. Calculate c(-10).
8
Let n(z) be the third derivative of -z**6/120 + z**5/15 - 7*z**4/24 + z**3 + 5*z**2 + 8. Calculate n(3).
-6
Let b(l) = 7*l + 9. Let w(j) = -j - 1. Let p(m) = 2*b(m) + 18*w(m). Let o(q) = 8*q + 1. Suppose 0 = y - 0 - 7. Let c(v) = y*p(v) + 3*o(v). Determine c(3).
-9
Let q = -21 - -16. Let h = 8 + q. Suppose -h*r - 2*c - 3 + 2 = 0, -2 = -2*c. Let n(m) = m**3. Calculate n(r).
-1
Let r(p) = -2*p**3 + 12*p + 21. Let u(v) = v**3 + v**2 - 6*v - 11. Let m(x) = 3*r(x) + 5*u(x). Give m(6).
8
Let o = -78 - -73. Let y be (-35)/o + 3 + -3. Let u(d) = 2*d - 9. What is u(y)?
5
Suppose g - 10 = f - g, 0 = 3*f - 5*g + 32. Let h be (21/(-49))/(2/f). Let n(w) = -h - 5*w - 3 - 26*w**2 + 3 + 25*w**2. What is n(-2)?
3
Let c(g) be the first derivative of -g**2 + 4*g + 439. What is c(-4)?
12
Let d(l) = l**2 - 6*l - 3. Let f = -48 + 56. Give d(f).
13
Let g(s) = 6*s - 2 - 4 + s**2 + 0*s**2. Let z be (-6)/(-5)*390/9. Suppose z = -5*r + 22. Determine g(r).
-6
Let l be -12 + -1 + -3 + 6/1. Let b(n) = n**3 + 11*n**2 + 11*n + 10. Give b(l).
0
Let m(j) = j**3 - 22*j**2 + 38*j + 39. Let c be m(20). Let r(q) = -1 + 4*q**2 - 3*q**2 - 15*q**3 + 0. Calculate r(c).
15
Suppose 5*o - 5 = -16*c + 21*c, -5 = 3*o - c. Let r(x) = 9*x + 1. Give r(o).
-26
Let s(c) be the first derivative of -c**5/60 - c**4/8 + 5*c**3/6 - 17*c**2/2 + 13. Let l(q) be the second derivative of s(q). Calculate l(-6).
-13
Let q(n) = 19*n + 2*n**2 + 16*n + 1 + 15*n - 68*n + 10*n. Calculate q(4).
1
Let g(l) = -l**2 - 1. Let i(o) = -4*o**2 + 17*o + 31. Let r(t) = 3*g(t) - i(t). Let z be r(19). Let u(v) = v**2 - 6*v + 6. Give u(z).
-2
Let g(x) = -x**2 - 3*x - 2. Let j(q) = -q**3 + q + 6. Let y be j(-4). Let d = y + -70. Determine g(d).
-6
Let h(s) = s**2 + 9*s + 3. Let r be h(-9). Let l be (r/1)/((-12)/(-8)). Let x(k) = 0*k - 4*k**l + k - 3 + k + k**3. Determine x(2).
-7
Let h(j) = -3*j - 11. Suppose 4*q = f - 9 - 35, 5*q + 55 = 2*f. What is h(q)?
22
Let u(i) = -3*i - 1. Suppose 3 = 5*y + 8. Let r(k) = -1. Let p(m) = y*u(m) + r(m). Give p(-5).
-15
Let y(b) = -71*b**3 + 7*b**2 + 5*b - 1. Let a(s) = -140*s**3 + 13*s**2 + 9*s - 2. Let d(o) = 6*a(o) - 11*y(o). Give d(-1).
60
Let a(r) = 3*r + 14. Let m(k) = 2*k + 13. Let x(u) = 3*a(u) - 4*m(u). Let q(d) = 3. Let w(s) = 7*q(s) + 2*x(s). Let b be 2*6/(-4)*-1. Calculate w(b).
7
Let n(h) = 4*h**2 - 3*h + 3. Let d = -93 + 78. Let j = d + 17. Give n(j).
13
Suppose 2*v + 4 = -s, s + v + 12 = 3*s. Let l(g) = -s*g + 1 + g + g - g. What is l(3)?
-8
Let x(b) = 29 - 64 + 39 + b. Let t(l) = -l + 2 + 3 + 3*l. Let s(w) = 4*t(w) - 6*x(w). Calculate s(4).
4
Suppose 1 = -5*c - 9. Suppose -5*i = -2*i - 9. Let r(n) = -2*n - i*n**3 + 8*n + 0*n - n**2 + 3 - 4*n. Calculate r(c).
19
Let u be (-21)/(-1)*(-6)/(-18). Let l(r) = 2*r + 1 + 3*r**2 + 4*r**2 - u*r**2 + 3*r**3. Let n = 7 + -8. Give l(n).
-4
Let p(j) = -j + 116177 - 58080 - 58086 - j**2. Let a = -1 + 1. Calculate p(a).
11
Let g(w) = w**3 + 6*w**2 + 5*w. Let j(x) = -20*x - 45. Let r be j(-2). Give g(r).
0
Let n(m) = -4*m - 1. Let u = -91 - -90. Let p be (u/(-3))/(((-16)/8)/(-6)). Give n(p).
-5
Suppose 15 = 7*y + 43. Let x(j) = 2*j**2 + 6*j. What is x(y)?
8
Let g(i) = -5. Let n(y) = y + 3. Let r(f) = 2*g(f) + 3*n(f). Give r(-1).
-4
Let q be 30/10*20/(-6). Let r(g) = -g**2 - 9*g + 11. Let m be r(q). Let n(x) = -7*x**2 - x + 1. Calculate n(m).
-7
Let p(z